?
False
Is 172073287 composite?
False
Is 1013921 a prime number?
True
Is 18224863 a composite number?
False
Is 4734523 composite?
False
Is 78919283 a composite number?
False
Is 13273583 a prime number?
False
Is 10957897 prime?
True
Is 11554771 a composite number?
False
Is 1598561 prime?
False
Is 1559191 prime?
False
Is 104372839 a composite number?
True
Is 116096917 prime?
True
Is 10385591 prime?
True
Is 16251221 composite?
True
Is 528151 a prime number?
False
Is 15615731 a composite number?
True
Is 5315621 composite?
False
Is 7125979 a prime number?
False
Is 66190561 a prime number?
True
Is 29005811 a composite number?
True
Is 33626999 composite?
True
Is 13112129 a composite number?
False
Is 1972093 a prime number?
True
Is 505207061 prime?
False
Is 153487 a prime number?
True
Is 1772524357 a composite number?
False
Is 2841653 a prime number?
True
Is 370014907 prime?
False
Is 1227613 a composite number?
True
Is 7325243 a prime number?
True
Is 7072771 a prime number?
True
Is 5241459 composite?
True
Is 250417861 prime?
True
Is 2475587 prime?
True
Is 110893847 prime?
False
Is 40394483 prime?
True
Is 810973546 a composite number?
True
Is 109335251 a composite number?
False
Is 106816243 composite?
True
Is 12889661 prime?
False
Is 19743833 composite?
False
Is 13318199 a prime number?
True
Is 17658589 a composite number?
True
Is 779281 prime?
False
Is 18601967 composite?
False
Is 30669701 a prime number?
True
Is 44936209 composite?
True
Is 228001863 a composite number?
True
Is 21810053 prime?
True
Is 48166753 prime?
True
Is 54722933 prime?
True
Is 33061705 composite?
True
Is 226264039 prime?
True
Is 172945 prime?
False
Is 61629317 composite?
True
Is 11497313 prime?
False
Is 80419 a composite number?
True
Is 95603009 prime?
True
Is 2764687 a composite number?
False
Is 10004989 a prime number?
False
Is 54408155 prime?
False
Is 3225371 a prime number?
True
Is 1722821 a prime number?
True
Is 16029071 prime?
True
Is 23063269 a composite number?
True
Is 2111231 prime?
True
Is 448565399 composite?
False
Is 79751629 a composite number?
True
Is 568709851 a prime number?
True
Is 136330279 a composite number?
False
Is 24087209 prime?
True
Is 102886513 composite?
False
Is 87927923 a composite number?
False
Is 388649851 composite?
True
Is 2614499 a composite number?
False
Is 10099657 prime?
False
Is 11211749 prime?
True
Is 112426843 a composite number?
True
Is 237525877 prime?
True
Is 112933291 a composite number?
True
Is 164689151 composite?
True
Is 2117993 prime?
False
Is 734346358 prime?
False
Is 72139 composite?
False
Is 13327 composite?
False
Is 44844409 prime?
False
Is 11202431 a prime number?
True
Is 41938217 a prime number?
False
Is 84094163 a prime number?
True
Is 2042749 a prime number?
True
Is 2634145 a composite number?
True
Is 216267503 prime?
True
Is 3389135 a prime number?
False
Is 588067 prime?
False
Is 35921387 a composite number?
True
Is 866572271 composite?
True
Is 72160883 prime?
False
Is 15029561 prime?
False
Is 4770079 prime?
True
Is 158136785 a composite number?
True
Is 355474253 composite?
False
Is 2172881253 composite?
True
Is 3439379 a composite number?
False
Is 30782215 a prime number?
False
Is 7461757 a prime number?
True
Is 83576921 a composite number?
False
Is 71745081 a prime number?
False
Is 9193087 composite?
True
Is 14537441 a composite number?
False
Is 51984379 a prime number?
False
Is 1639711 composite?
False
Is 67025333 a composite number?
True
Is 339525203 a prime number?
True
Is 39380533 a composite number?
False
Is 1450531 a composite number?
False
Is 152657 a composite number?
False
Is 3307253 a composite number?
True
Is 136517 a prime number?
False
Is 2341967 composite?
False
Is 1612111 a prime number?
True
Is 115523 prime?
True
Is 23463038 a prime number?
False
Is 31587811 a prime number?
False
Is 2996857 a composite number?
False
Is 551778917 composite?
False
Is 227793281 a prime number?
False
Is 14952953 a prime number?
False
Is 1197739 prime?
True
Is 9890522 a composite number?
True
Is 2177839 composite?
True
Is 34258946 a composite number?
True
Is 6365141 prime?
False
Is 572371 composite?
True
Is 18210941 prime?
False
Is 43401031 a prime number?
True
Is 1363367 prime?
True
Is 49076429 a composite number?
False
Is 1910983 a composite number?
True
Is 1334321 a prime number?
False
Is 157733 composite?
False
Is 17664533 prime?
False
Is 55346879 a composite number?
True
Is 165437819 a prime number?
False
Is 1117871 a prime number?
False
Is 6498997 a composite number?
True
Is 1100487837 a prime number?
False
Is 7253773 a composite number?
False
Is 5969165 a composite number?
True
Is 48362063 a prime number?
True
Is 10247331 prime?
False
Is 376423 prime?
False
Is 53502401 prime?
True
Is 2850239 prime?
False
Is 42312397 a composite number?
True
Is 26154199 composite?
True
Is 567745757 composite?
False
Is 34936841 prime?
True
Is 5313094 a composite number?
True
Is 1622813 a prime number?
True
Is 3361871 prime?
False
Is 1132853185 a composite number?
True
Is 74506349 prime?
False
Is 6915703 a composite number?
False
Is 7612643 a composite number?
False
Is 93024479 composite?
False
Is 66954443 a prime number?
True
Is 101219 composite?
True
Is 6787471 composite?
True
Is 3023263 a composite number?
True
Is 27480217 prime?
True
Is 368365 a composite number?
True
Is 6756223 a composite number?
True
Is 4104097 composite?
True
Is 171741421 a composite number?
False
Is 32100181 a prime number?
False
Is 3544237 a composite number?
False
Is 168323 a composite number?
False
Is 67749001 prime?
True
Is 1868747 a prime number?
True
Is 9469807 a prime number?
False
Is 12597451 a composite number?
True
Is 45027869 composite?
False
Is 261963551 a composite number?
False
Is 152239 prime?
True
Is 62474417 a prime number?
False
Is 4470569 a prime number?
True
Is 17751343 a prime number?
False
Is 70207693 prime?
True
Is 272050139 a prime number?
False
Is 23191201 a composite number?
True
Is 94947077 a prime number?
True
Is 8805509 prime?
True
Is 70235219 a composite number?
False
Is 42235231 prime?
True
Is 117065653 prime?
False
Is 8001491 a prime number?
True
Is 52918319 a prime number?
True
Is 80419811 composite?
False
Is 246187933 a prime number?
False
Is 130213 a composite number?
True
Is 19167374 a composite number?
True
Is 225259729 prime?
False
Is 697061 a prime number?
False
Is 4254067 a composite number?
True
Is 21584099 a prime number?
False
Is 65378191 composite?
False
Is 1992239 a prime number?
False
Is 355760819 a prime number?
False
Is 16228993 a prime number?
False
Is 6781799 composite?
False
Is 41681261 a prime number?
True
Is 5630329 a composite number?
False
Is 15581035 a prime number?
False
Is 1066847 a composite number?
False
Is 10880651 a prime number?
True
Is 34652659 composite?
True
Is 712089329 prime?
False
Is 16789229 composite?
True
Is 127848737 composite?
False
Is 6393911 prime?
True
Is 77333793 prime?
False
Is 41922467 prime?
True
Is 11962567 a prime number?
True
Is 1044782 composite?
True
Is 6951311 prime?
False
Is 53921573 composite?
False
Is 11719987 a prime number?
False
Is 130800119 composite?
False
Is 450736789 prime?
True
Is 131352061 prime?
True
Is 258648067 a prime number?
True
Is 23374927 prime?
False
Is 34074857 a prime number?
True
Is 56117777 a prime number?
True
Is 19450121 a composite number?
False
Is 38645257 a composite number?
True
Is 4575377 prime?
True
Is 41584097 a composite number?
False
Is 150300337 composite?
True
Is 7257227 a prime number?
True
Is 14124587 composite?
False
Is 176968663 composite?
False
Is 89171791 composite?
False
Is 11034113 a composite number?
True
Is 913243 composite?
True
Is 26343799 a prime number?
False
Is 29070553 composite?
True
Is 200347471 prime?
True
Is 5191961 a composite number?
True
Is 7160437 composite?
False
Is 760163 a composite number?
False
Is 3468589 prime?
False
Is 17636627 composite?
False
Is 1562051 composite?
False
Is 91788293 a prime number?
True
Is 148180261 composite?
False
Is 19928609 composite?
False
Is 3451363 composite?
False
Is 184325389 prime?
True
Is 709903 prime?
False
Is 1548017 a prime number?
False
Is 285026387 prime?
True
Is 4563677 a prime number?
False
Is 516643 a composite number?
False
Is 262694767 a prime number?
True
Is 3078303 c